{"id":195,"date":"2023-07-21T23:59:34","date_gmt":"2023-07-21T23:59:34","guid":{"rendered":"https:\/\/brannteknikk.net\/?post_type=product&#038;p=195"},"modified":"2023-08-24T07:45:30","modified_gmt":"2023-08-24T07:45:30","slug":"ved-40l-sekk","status":"publish","type":"product","link":"https:\/\/brannteknikk.net\/?product=ved-40l-sekk","title":{"rendered":"Garantert t\u00f8rr bj\u00f8rkeved. 40L sekk"},"content":{"rendered":"<p>T\u00f8rr ved &lt;20% fuktighet i 40 liters sekkar. Leverast gratis* ved kj\u00f8p av min.20 sekkar.<\/p>\n<p>&nbsp;<\/p>\n<p>&nbsp;<\/p>\n<p>*Inntil 3m fr\u00e5 parkeringsplass. Anna kan avtalast mot tillegg i pris.<\/p>\n","protected":false},"excerpt":{"rendered":"<p>T\u00f8rr ved &lt;20% fuktighet i 40 liters sekkar. Leverast gratis* ved kj\u00f8p av min.20 sekkar.<\/p>\n","protected":false},"featured_media":196,"template":"","meta":[],"product_brand":[],"product_cat":[17],"product_tag":[],"class_list":{"0":"post-195","1":"product","2":"type-product","3":"status-publish","4":"has-post-thumbnail","6":"product_cat-ved","8":"first","9":"instock","10":"taxable","11":"shipping-taxable","12":"purchasable","13":"product-type-simple"},"_links":{"self":[{"href":"https:\/\/brannteknikk.net\/index.php?rest_route=\/wp\/v2\/product\/195","targetHints":{"allow":["GET"]}}],"collection":[{"href":"https:\/\/brannteknikk.net\/index.php?rest_route=\/wp\/v2\/product"}],"about":[{"href":"https:\/\/brannteknikk.net\/index.php?rest_route=\/wp\/v2\/types\/product"}],"wp:featuredmedia":[{"embeddable":true,"href":"https:\/\/brannteknikk.net\/index.php?rest_route=\/wp\/v2\/media\/196"}],"wp:attachment":[{"href":"https:\/\/brannteknikk.net\/index.php?rest_route=%2Fwp%2Fv2%2Fmedia&parent=195"}],"wp:term":[{"taxonomy":"product_brand","embeddable":true,"href":"https:\/\/brannteknikk.net\/index.php?rest_route=%2Fwp%2Fv2%2Fproduct_brand&post=195"},{"taxonomy":"product_cat","embeddable":true,"href":"https:\/\/brannteknikk.net\/index.php?rest_route=%2Fwp%2Fv2%2Fproduct_cat&post=195"},{"taxonomy":"product_tag","embeddable":true,"href":"https:\/\/brannteknikk.net\/index.php?rest_route=%2Fwp%2Fv2%2Fproduct_tag&post=195"}],"curies":[{"name":"wp","href":"https:\/\/api.w.org\/{rel}","templated":true}]}}